e 6) in base 16?
36be4
-5043545 (base 6) to base 16
-3a6d9
Convert 24500 (base 7) to base 10.
6419
-2303bd (base 14) to base 16
-122ee3
What is 476997 (base 14) in base 5?
1111013234
What is -56360 (base 14) in base 9?
-347882
-47681 (base 11) to base 9
-114208
-2323244 (base 8) to base 13
-191b68
-217885 (base 9) to base 13
-47516
Convert -5a613 (base 11) to base 7.
-512250
Convert -6504 (base 8) to base 9.
-4583
What is -3020121 (base 6) in base 12?
-6a641
1217711 (base 8) to base 16
51fc9
What is -1a35d1 (base 15) in base 10?
-1277071
-48157 (base 12) to base 16
-17ad3
What is -162272 (base 9) in base 4?
-120130010
153035122 (base 6) to base 12
10b5aa2
-1010010111111111000110 (base 2) to base 16
-297fc6
Convert 97343 (base 11) to base 2.
100010100010111000
Convert -331220130133 (base 4) to base 16.
-f6871f
Convert -2405 (base 7) to base 2.
-1101110111
Convert -127715 (base 11) to base 10.
-200513
1f7a2c (base 16) to base 4
13313220230
-255620 (base 8) to base 6
-1523532
-1110001000101101 (base 2) to base 9
-87374
-382846 (base 11) to base 8
-2233471
What is 263621330 (base 7) in base 11?
9613805
What is -122111022001020 (base 3) in base 8?
-43354561
-c3dde (base 16) to base 7
-6550660
-513354214 (base 6) to base 10
-8848738
Convert 25654 (base 13) to base 4.
100321012
58853 (base 11) to base 13
2c832
Convert 64702 (base 14) to base 10.
242846
130dd9 (base 15) to base 4
3133033023
-11001000100000100110100 (base 2) to base 4
-121010010310
What is 1a8fb (base 16) in base 6?
2155403
Convert 100001001110011101010 (base 2) to base 12.
44608a
-59aa (base 16) to base 9
-34434
What is -7351651 (base 8) in base 15?
-2892a4
What is 1101011000101011101 (base 2) in base 9?
737606
c819 (base 14) to base 13
12934
Convert -563530 (base 8) to base 5.
-22042141
Convert -884107 (base 9) to base 14.
-da540
-1145744 (base 8) to base 6
-10423140
What is -22020201222020 (base 3) in base 15?
-5b9040
dca979 (base 15) to base 9
21706206
Convert -1285889 (base 11) to base 12.
-8aba3b
Convert -177669 (base 10) to base 7.
-1336662
1211021012 (base 3) to base 5
2122130
What is -33111201323 (base 4) in base 5?
-2012122342
Convert -103321223202 (base 4) to base 15.
-6d0b99
What is 31431 (base 13) in base 6?
1522100
-59005 (base 11) to base 4
-110303011
-13051513 (base 7) to base 16
-1224e5
Convert b9c39 (base 16) to base 7.
6316223
What is -10101100111011100110111 (base 2) in base 7?
-66110513
What is -94695 (base 12) in base 2?
-101111011111010001
What is -1030220031 (base 4) in base 11?
-1a48a6
What is 73d383 (base 15) in base 13?
11acc54
What is -44589b (base 12) in base 2?
-100001001101010110111
What is 122604166 (base 7) in base 15?
a31231
Convert -6732 (base 12) to base 3.
-120122202
Convert 5535633 (base 7) to base 2.
10100110011000101100
What is -cac1b (base 13) in base 11?
-230603
What is -161b4 (base 15) in base 14?
-1bd89
Convert -1d5ff (base 16) to base 9.
-203037
What is 69866 (base 16) in base 9?
727815
1100000111001011011 (base 2) to base 15
7c8e6
3110000302 (base 4) to base 5
210242102
What is 561472 (base 14) in base 12?
b8b838
Convert -1611805 (base 11) to base 14.
-519d24
Convert 11b4b (base 12) to base 8.
57053
What is -97296 (base 10) in base 7?
-553443
-d627 (base 16) to base 11
-3820a
What is -2006000 (base 9) in base 12?
-435760
61549 (base 14) to base 11
150027
1020010022121 (base 3) to base 9
1203277
Convert 11122021121 (base 3) to base 8.
262302
Convert 10111120022221 (base 3) to base 10.
1861378
What is -1000110110011100100 (base 2) in base 8?
-1066344
What is -303122312 (base 4) in base 3?
-101200220112
425442 (base 10) to base 2
1100111110111100010
What is -95310 (base 12) in base 11?
-124047
113322011 (base 4) to base 9
158285
What is -89481 (base 11) in base 7?
-1050035
111000010010010010100 (base 2) to base 15
266732
What is -33235 (base 6) in base 8?
-11027
59403 (base 12) to base 7
1006206
What is -3200120101 (base 4) in base 2?
-11100000011000010001
What is b6b98 (base 12) in base 13?
85412
Convert -65399a (base 11) to base 2.
-11111111000011011110
1430545 (base 6) to base 2
10011111111000001
What is -40034111 (base 5) in base 7?
-2451044
What is -11b96e3 (base 15) in base 5?
-11230120223
-103000324 (base 5) to base 12
-191299
-7a485 (base 12) to base 7
-1246352
Convert 2368b0 (base 12) to base 11.
360438
What is -3144303133 (base 5) in base 16?
-653d29
1003066 (base 10) to base 3
1212221221121
17ca0c (base 13) to base 10
599286
Convert d38ed (base 15) to base 7.
5461102
110110101101000010011 (base 2) to base 7
21144016
What is -674123 (base 9) in base 14?
-a6d4b
Convert 464502 (base 8) to base 5.
20024033
What is 2137557 (base 9) in base 3?
2011021121221
Convert 1221a6 (base 12) to base 8.
1076216
-97883b (base 13) to base 15
-4a4e97
Convert 35254 (base 12) to base 2.
10001011000100000
Convert -45920 (base 10) to base 12.
-226a8
6604762 (base 8) to base 3
10100000202022
228461 (base 13) to base 15
1125ae
-491605 (base 10) to base 14
-cb229
Convert 112331000321 (base 4) to base 12.
2022135
Convert -1346663 (base 10) to base 8.
-5106147
ba7a (base 12) to base 16
503e
What is 135442 (base 7) in base 15?
7a51
186436 (base 10) to base 5
21431221
What is -675574 (base 9) in base 14?
-a74d4
What is -a649b (base 15) in base 2?
-10000000110010111010
What is -a1b14b (base 13) in base 16?
-397682
-22000011220 (base 3) to base 7
-1224315
Convert -175305 (base 9) to base 5.
-11440434
101110100001101011111 (base 2) to base 12
61633b
What is -a14 (base 12) in base 9?
-1887
What is 110000110000101111111 (base 2) in base 6?
54125155
What is 352362 (base 16) in base 14?
669198
Convert -412566 (base 7) to base 16.
-113d0
Convert b4b52 (base 12) to base 2.
111001110001101110
-6bf78d (base 16) to base 7
-114066636
Convert -bb374d (base 14) to base 3.
-102221112020201
1581a51 (base 11) to base 9
5058856
What is 35205222 (base 6) in base 11?
684873
What is -120331 (base 5) in base 7?
-16010
1000012112100000 (base 3) to base 14
1cc4c1d
Convert -1311113002 (base 4) to base 13.
-13aa55
Convert 2000110021210 (base 3) to base 6.
34550120
Convert -4626ea (base 15) to base 2.
-1100110001110001000010
What is -eaf9 (base 16) in base 12?
-2a989
152245361 (base 7) to base 8
46611371
6053556 (base 7) to base 13
1c2492
What is 3130113 (base 4) in base 15?
42a3
Convert 545840 (base 10) to base 2.
10000101010000110000
Convert 62d8ac (base 14) to base 13.
8cca2c
What is -8231523 (base 10) in base 3?
-120111012112020
568767 (base 16) to base 9
11602733
What is 43332423 (base 5) in base 9?
624808
What is -102020201202200 (base 3) in base 8?
-26634366
Convert bd475 (base 16) to base 5.
144302120
Convert 570a01 (base 13) to base 11.
11862a5
Convert 276716 (base 12) to base 6.
22004430
1110101011110011100 (base 2) to base 9
813044
What is -107420 (base 8) in base 3?
-1212020110
-1033434200 (base 6) to base 2
-101010010100010110011000
What is 4538a65 (base 11) in base 9?
15852640
-392267 (base 13) to base 11
-85a688
What is 3ab94 (base 12) in base 16?
13d20
-101100100010010010011 (base 2) to base 11
-90747a
-1302200 (base 6) to base 11
-48a60
What is 353315 (base 6) in base 15?
90d5
Convert 172158 (base 10) to base 16.
2a07e
Convert 500711 (base 8) to base 10.
164297
Convert -625824 (base 10) to base 12.
-262200
Convert 12122022 (base 4) to base 13.
bc43
Convert 55293 (base 15) to base 4.
1002003330
Convert 49264 (base 10) to base 7.
263425
What is -51111213 (base 6) in base 4?
-11203121121
Convert -172af5 (base 16) to base 13.
-412123
-4216164 (base 7) to base 11
-318273
Convert -2234432223 (base 5) to base 10.
-4999063
-2540772 (base 8) to base 15
-ddd63
Convert 1827698 (base 12) to base 7.
60523121
Convert 323002212 (base 4) to base 7.
2025021
Convert -12370047 (base 8) to base 3.
-12011122011122
Convert -13311033322 (base 4) to base 3.
-10212022100021
What is -11211020011 (base 3) in base 12?
-46b34
1243031 (base 6) to base 13
24c94
Convert -9a969 (base 11) to base 9.
-242542
1101040223 (base 5) to base 16
240a52
4741747 (base 9) to base 10
2566690
Convert 27275 (base 9) to base 13.
8528
-a2a30 (base 11) to base 14
-3cacb
-ba05f7 (base 16) to base 3
-211221101012210
What is -691764 (base 13) in base 5?
-1114111034
-4a700 (base 12) to base 16
-18b70
-2120122113 (base 4) t